7 = 39*f + 78193. List the prime factors of f.
2, 3, 13, 83
Let y = 48620 - 33029. What are the prime factors of y?
3, 5197
Let w(i) be the second derivative of -3*i**5/10 - 7*i**4/12 - 5*i**3/6 + 2*i**2 - 157*i. List the prime factors of w(-2).
2, 17
Let c(v) = -v**3 + v + 318. Let i be c(0). Suppose 4*x - 2*p - i = 0, 2*p + 400 = 6*x - x. Suppose -64 = -2*s + x. What are the prime factors of s?
73
Let q = 19 + -19. Suppose q = -2*r + 5*f - 15, -2*f + 45 = -4*r + 3*f. List the prime factors of 46 - (-5)/(r/12).
2, 3, 7
Suppose 0 = -3*n - 5*g + 17, -4*n - 13*g + 9*g = -20. Let d = -4 - -6. Suppose -n*v - 1 + 12 = -w, -5*v = -d*w - 16. What are the prime factors of v?
2
Let x = 4132 - 1378. Suppose -33*r = -24*r - x. List the prime factors of r.
2, 3, 17
Let n(l) = 27 - 7*l + l - l**2 - 34 - 5*l. What are the prime factors of n(-7)?
3, 7
Let j(l) = 8*l**2 - 54*l + 6. Let i be j(7). Suppose -12*c = -16*c + i, v - 3*c - 99 = 0. What are the prime factors of v?
2, 3, 19
What are the prime factors of 9/(-54)*-78 + 6256?
6269
Let l(u) = 7*u**2 - 68*u + 73. List the prime factors of l(18).
1117
Let b = 41947 - 7183. What are the prime factors of b?
2, 3, 2897
Suppose -27 = -o - 265. Let x = 357 + o. What are the prime factors of x + (5/((-15)/(-12)) - 1)?
2, 61
Let d = 27836 + -15825. List the prime factors of d.
12011
Let s = 161 - 145. Suppose 19*v - s*v - 365 = -5*a, -v + 150 = -4*a. List the prime factors of v.
2, 5, 13
Suppose -y = -2*c + 571, 5*y - 4*y - c = -567. Let q = -249 - y. List the prime factors of q.
2, 157
Suppose 0 = 2*n - 5*n + 12. Let j = -12419 + 12423. Suppose -n*c + 148 = 4*h, j*h - 6 = h. What are the prime factors of c?
5, 7
Suppose 7*k = 16*k. Suppose -z + 2 = k, 0 = -o - 2*z + 7*z + 114. What are the prime factors of o?
2, 31
Let r(h) = -1146 + 38*h**3 + h + 0*h + 1144 + h**2. Suppose -2*v + 17 = -5*k, -5*v - 6 - 4 = 5*k. What are the prime factors of r(v)?
2, 19
Let a = 2182 - -1761. List the prime factors of a.
3943
Let q be 82/7 + (-20)/(-70). Let z be 10/(-3)*(-18)/q. Suppose -3*w - 39 = -3*k - 0*w, k + z*w = -5. What are the prime factors of k?
2, 5
Let v(h) be the second derivative of -h**5/20 + 5*h**4/6 - 2*h**3/3 - 3*h**2 + 107*h. Let l be 1/(-2) - 17/(-2). List the prime factors of v(l).
2, 3, 5
Suppose -13*j + 28820 + 184640 = -27131. List the prime factors of j.
3, 31, 199
Suppose 0*p - 33459 = -5*p + 6*n, n = -3*p + 20057. What are the prime factors of p?
3, 743
Let g be -9*(140/63 + -2). Let b(a) = -41*a**3 + 3*a + 5. List the prime factors of b(g).
3, 109
Suppose 86*l - 3652306 - 177790 = 0. List the prime factors of l.
2, 19, 293
Suppose 523119 - 381112 = -137*h + 1738194. List the prime factors of h.
61, 191
Let q(a) = -6*a + 1076. Let m be q(0). Suppose 5*s - 3*x - m = 3*s, -4*x + 16 = 0. What are the prime factors of s?
2, 17
Suppose 2*a - 3*l - 4905 = -0*a, 0 = a + 2*l - 2470. What are the prime factors of a?
2, 3, 5, 41
Suppose 109*x - 5*l = 105*x + 132449, -2*x - 4*l + 66244 = 0. What are the prime factors of x?
2, 17, 487
Suppose -714 + 87 = 11*q. Let h = -34 + q. Let l = h + 247. List the prime factors of l.
2, 3, 13
Let h(f) = 5*f**2 + 300*f - 4995. What are the prime factors of h(16)?
5, 7, 31
Let d(n) = 4*n + 22. Let l be d(-5). Suppose -2293 = -4*x + l*f + 2877, 4*x + 2*f - 5182 = 0. What are the prime factors of x?
2, 647
Suppose 58408 = 2*c + 38*w - 33*w, -3*c + 4*w = -87681. What are the prime factors of c?
61, 479
Let w be 2 + -5 + 167*3. Let q = w + -207. List the prime factors of q.
3, 97
Let b = 7746 + -3826. List the prime factors of b/147*(-112)/(-10)*3.
2, 7
Let d = -68 + 64. What are the prime factors of ((-6)/d)/(((-51)/(-1148))/17)?
2, 7, 41
Let k(j) = -38*j - 29 - 32*j + 86*j. Let q be k(11). Let l = q - -72. List the prime factors of l.
3, 73
What are the prime factors of 1/(2 - 1170/586) + 20 + -15?
2, 149
Let l = -1981 + 2761. What are the prime factors of l?
2, 3, 5, 13
Let u be 2/6 - (-76)/6. Let j = u - 13. Suppose -c - 1 = j, 0*h - 4*c = -5*h + 409. List the prime factors of h.
3
Suppose -3*u - 2*u - 85 = 0. Let v be -4*1 - (63 - -47). Let x = u - v. List the prime factors of x.
97
Let k(f) = 2190*f**2 + 37*f + 12. List the prime factors of k(-3).
3, 2179
Let p = -6915 - -8808. What are the prime factors of p?
3, 631
Let o be 1/(6/(-36)*-1). Let c(m) = 2*m**3 - m**2 + 3*m + 5. What are the prime factors of c(o)?
419
What are the prime factors of -1 + 8782 - (134/12 - 10)*6?
2, 41, 107
Let n = -107 - -102. Let u(m) = 25*m**2 - 44*m + 6. What are the prime factors of u(n)?
23, 37
Suppose 4*d = -r - 545, -2*d - 2*r = r + 275. Let o = -1754 - -1559. Let a = d - o. What are the prime factors of a?
59
Suppose 497722 + 144374 = 168*g. List the prime factors of g.
2, 3, 7, 13
Let m = -16651 - -23423. What are the prime factors of m?
2, 1693
Suppose -4*f - 28 - 32 = 4*q, -5 = -f. Let k(p) = -p**3 - 20*p**2 - 36*p + 67. What are the prime factors of k(q)?
787
Let y(d) = 5*d**2 - 12*d + 38. Let r be y(-7). Suppose -m - 766 = -2*w - 5*m, -w + 2*m = -r. List the prime factors of w.
3, 5
Suppose 542 = -8*l + 534. What are the prime factors of (-35)/(-70)*(2659 - l)?
2, 5, 7, 19
Suppose 5*a - 102052 = 3*o, 2*o - 122468 = -31*a + 25*a. What are the prime factors of a?
20411
Suppose 30*l - 28*l + 4*f - 84494 = 0, -2*l + 84530 = -5*f. What are the prime factors of l?
3, 5, 313
Let c be (2*2)/(24 - 22). Suppose -o = -5*n - 511, -2023 = c*o - 6*o - n. What are the prime factors of o?
2, 11, 23
Suppose -22*x = -26*x + i + 157434, 6*x = 5*i + 236144. What are the prime factors of x?
39359
Suppose 0 = -42*s + 950408 + 1989928. What are the prime factors of s?
2, 3, 2917
Let c be 5184/(2 - -1) + -4. Suppose 8*t + c = 12*t. What are the prime factors of t?
431
Suppose 4*l + 5*h = 125, -5*l + 153 = -0*h + 3*h. Suppose -4*x - q = -2017, 0 = 5*x + 29*q - l*q - 2528. What are the prime factors of x?
5, 101
Suppose 22*g - 57090 - 105582 = -2*g. List the prime factors of g.
2, 3389
Let r = -22429 - -39993. What are the prime factors of r?
2, 4391
Let r be 4/2*306/(-12). List the prime factors of r/17 - (-1*95 - 0).
2, 23
Suppose 3*i + 3*m - 312 = 0, i = 2*i - 4*m - 94. Let s = i + -99. Suppose -3*b + 2*u + 3*u + 398 = 0, -4*u + 416 = s*b. List the prime factors of b.
2, 17
Let n(k) = -k**3 - 10*k**2 - 27*k + 6. Let q be n(-19). Suppose q = 17*c - 11*c. List the prime factors of c.
2, 157
Let o(c) = c - 1. Let f(t) = -15*t + 70. Let k(h) = -f(h) - 25*o(h). Suppose -5*i - 25 = 15. What are the prime factors of k(i)?
5, 7
Let r(w) = -3*w**3 + 4*w**2 + 11*w + 17. List the prime factors of r(-8).
1721
Suppose 2*m + 3 = 3*m. Let v be 470/6 + (-35)/(-21). Suppose -316 = -m*r + v. What are the prime factors of r?
2, 3, 11
Let a = -413 + 602. Let t = 1390 - a. What are the prime factors of t?
1201
Suppose 0 = 38*h - 269021 - 272745. List the prime factors of h.
53, 269
Let r = -2582 - -2675. What are the prime factors of r?
3, 31
Let y(p) = p**3 - 3*p**2 - p - 3. Let c be y(3). Let h be -9 + (-3 - c - -1 - 0). What are the prime factors of 139 + h + 4 + -3?
3, 5
Let g(c) = 10*c**2 - 45*c - 2384. What are the prime factors of g(-47)?
21821
Suppose 7*n = 7 - 28. What are the prime factors of n - 458/(-8 - -6)?
2, 113
Let l = -26905 + 68222. What are the prime factors of l?
79, 523
Let x = 2411 - 1138. Let h = -421 + x. What are the prime factors of h?
2, 3, 71
What are the prime factors of ((-7 + 232)/(-3))/(7/(-203))?
3, 5, 29
Let m(d) = -d**2 - d. Let s(c) = 6 + 3*c + 536*c**3 + 5*c - 535*c**3 + 12*c**2. Let v(t) = -4*m(t) - s(t). What are the prime factors of v(-8)?
2, 13
Let n(o) = 309*o**2 + 6*o - 22. List the prime factors of n(4).
2, 2473
Suppose -2*b - 2*u = 0, -3*u - 18 = -3*b - 0*b. Suppose 4*x = -3*a + 3513, -b*a = -0*a + 3*x - 3510. List the prime factors of a.
3, 389
Suppose 2*a + 2 + 4 = 0, -2*m - 5*a + 369 = 0. Suppose i - m = -r, 2*r - 4*r - 3*i + 389 = 0. Suppose -5*v = -148 - r. What are the prime factors of v?
67
Let b be 617 + 1/((-1)/3*-1). Let f = 1034 - b. List the prime factors of f.
2, 3, 23
Suppose 0 = -4*m + 5*b + 9664 + 5722, m - 3860 = -b. What are the prime factors of m?
2, 41, 47
Suppose 31*b + 96 = 39*b. Let t(z) = z**3 - 7*z**2 + 24*z - 19. What are the prime factors of t(b)?
23, 